195. What are the prime factors of k?
3, 5
Suppose 0 = 3*t - 20 + 14. Suppose 2*a - 10 = -x + 7*a, -2*x - t*a + 44 = 0. What are the prime factors of x?
2, 5
Let n(c) be the first derivative of -c**4/4 + c**3 + c**2 - c + 2. Let z be n(3). What are the prime factors of (-16)/(-3)*(11 - z)?
2
Let y be 6/(-8) + -6 + (-47)/(-4). Suppose -y*w + b = -675 + 48, 5*b = -2*w + 240. List the prime factors of w.
5
Let z = -14 - -24. Suppose -f + z = 3*l - 7, 5*f - 20 = -2*l. Suppose -6*d - 5*x + 80 = -d, 0 = -l*d + 4*x + 107. List the prime factors of d.
19
Let b(f) = -400*f + 70. What are the prime factors of b(-4)?
2, 5, 167
Suppose 12*d - 80 = 8*d. Suppose 535 = -15*r + d*r. What are the prime factors of r?
107
Suppose 2*j + 13 = 3. Let t be (1/(-4)*2)/(6/120). Let i = j - t. What are the prime factors of i?
5
What are the prime factors of (4/(-10))/((40/(-9825))/8)?
2, 3, 131
Let b(v) be the first derivative of -v**4/4 - 10*v**3/3 - v**2 - 5*v - 1. Suppose 20 = 31*l + 330. List the prime factors of b(l).
3, 5
Let d(t) = -t**3 + 11*t**2 + 4*t - 5. Let s be ((-5)/5)/((-2)/20). What are the prime factors of d(s)?
3, 5
Suppose 3114 + 2914 = 11*m. What are the prime factors of m?
2, 137
Let y(j) = -77*j - 176. What are the prime factors of y(-8)?
2, 5, 11
Let o = 33 + -33. Suppose -2*r + 3*m + 12 = 0, 4*m - 16 = -o. What are the prime factors of r?
2, 3
Let o(y) = 36*y**2 + 7*y + 7. Suppose -10 = r - 8. List the prime factors of o(r).
137
Suppose -11844 + 2069 = -23*k. What are the prime factors of k?
5, 17
Let b(z) = 7 - 751*z + 3*z**3 + 742*z - 5*z**2 - 2*z**3. Let x be (-66)/(-10) + 6/15. What are the prime factors of b(x)?
2, 3, 7
Suppose -5*l = -4*r + 9*r - 3480, -5*r + 3504 = -3*l. List the prime factors of r.
3, 233
Let z be (18/(-12))/(6/(-616)). Suppose 4*p = 2*h - 5*h + 82, -z = -5*h + 2*p. Suppose 0 = -4*v - v + h. What are the prime factors of v?
2, 3
Let i(k) = -9*k**3 - k + 2. Let f be i(2). Let r = 104 + f. What are the prime factors of r?
2
Suppose -c = -4*b - 0*c - 168, 2*b + 90 = -c. Let l = b + 90. What are the prime factors of l?
47
Suppose 4*y - 1149 = -d - 66, d - 4*y = 1043. List the prime factors of d.
1063
Let n(a) = 2*a + 8. Let m be n(-4). Suppose m = -3*r + 228 - 9. List the prime factors of r.
73
Let m(w) = -w**3 + 14*w**2 + w - 2. Let y be 6/4*308/33. Let q be m(y). Let l = 26 - q. What are the prime factors of l?
2, 7
Suppose -10*c + 13801 - 1611 = 0. What are the prime factors of c?
23, 53
Suppose 16 = m + 56. Let g = -8 + 11. List the prime factors of g*(2 - m/6).
2, 13
Let b = 666 - 96. Let x = b + -296. What are the prime factors of x?
2, 137
Let w be 2/10 - 539/(-5). Let i = 169 - w. List the prime factors of i.
61
Let o be ((-1)/3)/(1/3). Let k(c) = -c**2 - 1. Let f be k(o). List the prime factors of (-101)/(-6) + f/(-12).
17
Suppose -16*o - 800 = -18*o. List the prime factors of o.
2, 5
Suppose -2*o - 123 = -751. Suppose 4*c + 74 = o. List the prime factors of c.
2, 3, 5
Let m(a) = 2*a - 5*a - a**2 - 4*a. Let f = 35 - 39. List the prime factors of m(f).
2, 3
Suppose 5022 = 4*x + 2*y, -89*x = -88*x - 5*y - 1250. What are the prime factors of x?
5, 251
Let m(v) = -v**3 - 10*v**2 - 7*v - 15. Let b be m(-9). Let i = b - -133. What are the prime factors of i?
2, 5
Suppose 4112 + 5236 = 12*c. What are the prime factors of c?
19, 41
Suppose -24*j - 61824 = -38*j. List the prime factors of j.
2, 3, 23
Let o = -3884 - -5816. What are the prime factors of o?
2, 3, 7, 23
Suppose -9*r + 4*r - 2*z + 3438 = 0, 0 = -4*r + z + 2753. What are the prime factors of r?
2, 43
Let h be (0 - 5) + 14 + -15. What are the prime factors of (-1)/(4 - (-27)/h)?
2
Suppose -3*d - 3*m = -15555, -8 = -445*m + 447*m. What are the prime factors of d?
5189
List the prime factors of -4*(-1)/(-4)*(-431 + 0).
431
Suppose -f + n = -5*f + 15, -4*f + 12 = 4*n. Suppose -f*b + 320 = b. List the prime factors of b.
2
Let o(i) = -i**3 + 24*i**2 + 16*i - 97. What are the prime factors of o(23)?
2, 5
Let w be 3/((-12)/(-64))*1. Suppose 5*a = a - w. What are the prime factors of ((-6)/a)/(4/40)?
3, 5
Suppose -1642 = -13*b + 5872. List the prime factors of b.
2, 17
Let f = 5 + 3. Let o be 0/((-6)/(-15)*20/4). Suppose k - 46 + f = o. What are the prime factors of k?
2, 19
Let h(i) = -437*i - 12. List the prime factors of h(-1).
5, 17
Let n(j) = -135*j + 1. List the prime factors of n(-2).
271
What are the prime factors of 10*(-896)/12*6/(-4)?
2, 5, 7
Let p(r) = 0 + 3 + 0 - 1 + 4*r. Let q(f) = f**2 - 6*f - 1. Let z be q(7). What are the prime factors of p(z)?
2, 13
Suppose 0 = 3*o + 3*p - 457 - 584, -4*o + 3*p + 1388 = 0. List the prime factors of o.
347
Let x(j) = -3*j - 1. Let k be x(-1). Suppose 4*p + 28 = k*h, -6*h - 4*p = -h. Let w(o) = 2*o**2 + 4*o - 9. List the prime factors of w(h).
3, 13
Let w(s) be the first derivative of s**6/120 + s**5/12 - s**3/2 - 3*s**2/2 + 5. Let d(q) be the second derivative of w(q). What are the prime factors of d(-4)?
13
Suppose -z - 34 = -38, -5*z - 3412 = -4*a. List the prime factors of a.
2, 3, 11, 13
Suppose 3*a - 2 = 13. Suppose -a*c + 165 = 5*d, c = -2*d - 2*d + 117. What are the prime factors of d?
2, 7
Suppose 58 = -3*b + k + 22, -9 = -3*k. Let c be b/(-4) + (-3)/4. Suppose -c*a - a + 213 = 3*z, 4*a = -2*z + 276. What are the prime factors of a?
67
Let r(k) = -3*k**2 + 18 + 15*k + 0*k**2 + 2*k**2 - 32. Suppose 3*o - 25 = 14. What are the prime factors of r(o)?
2, 3
Let m(z) = 930*z + 85. What are the prime factors of m(3)?
5, 23
Let m(f) = 64*f**2 + 34*f - 255. What are the prime factors of m(8)?
3, 457
Suppose -79530 = -55*u - 0*u. List the prime factors of u.
2, 3, 241
Let m = 1984 + -1966. What are the prime factors of m?
2, 3
Suppose 2400 + 234 = 3*f. List the prime factors of f.
2, 439
Let t be (-13 + 11)/((2/5)/(-1)). Suppose -g + 5*c = -220, -2*c + 0*c + 1046 = t*g. List the prime factors of g.
2, 3, 5, 7
Let b(l) = l**2 + 2*l - 1. Let y be b(-2). Let x(n) = -18*n**2 - n - 1. Let g be x(y). Let z = g - -45. What are the prime factors of z?
3
Suppose 36*h = 3*m + 39*h - 528, 0 = -m - 5*h + 156. List the prime factors of m.
181
Let y = -41 - -105. Let o(i) = y + 50 - 11*i + i**2 - 102. List the prime factors of o(10).
2
Let s(w) = -4*w**3 + w**2 - 2*w - 3. Let g be s(-1). Suppose -g*h + 5*c + 170 = 0, 2*h - 39 = h + 3*c. What are the prime factors of h?
3, 5
Let p(x) = x**3 - 9*x**2 + 9*x - 4. Suppose -2*k + 2*b = -8, 5*k + 33 - 93 = -5*b. Let d be p(k). Suppose 5*h - 20 = d*h. List the prime factors of h.
2, 5
Let g(w) = w**3 + 29*w**2 - 17*w - 21. Let j be g(-29). Suppose 5*s + 3*b = j, 76 = 2*s - s - 4*b. What are the prime factors of s?
2, 23
Let h(m) = -m**3 - 11*m**2 - 11*m - 8. Let o be h(-10). Suppose o*i + 8 = 6*i. Let s(t) = 2*t**3 - t**2 + 2*t. List the prime factors of s(i).
2
Let p be (-14)/(-4) - (-2)/(-4). List the prime factors of 3*3/9*p.
3
Let q = -4 - -22. What are the prime factors of (-160)/(-3)*q/15?
2
Let a = 6 + -8. Let u(v) = 11*v + 6. Let x(t) = -32*t - 19. Let j(f) = a*x(f) - 7*u(f). List the prime factors of j(-2).
2, 11
Let j = 42 - 28. List the prime factors of 7/j*(41 - -3).
2, 11
Let f = 19 + -16. Let g(w) = w**3 - 2*w**2 + 3*w + 3. List the prime factors of g(f).
3, 7
Let b(n) = -n**3 - 6*n**2 - 8*n - 6. Let s be b(-5). Suppose -4*t - 125 = -s*t. Suppose -r - t = -6*r. List the prime factors of r.
5
Let a = 743 + -319. List the prime factors of a.
2, 53
Let i = -52 + 62. Suppose 0 = -i*y + 9*y + 127. List the prime factors of y.
127
Suppose 5*s - 68*c + 63*c = 20080, 3*s + 3*c = 12072. List the prime factors of s.
2, 3, 5, 67
Suppose 14*m = 17*m. Suppose 4*k - 3*b = -6, 5*k = -m*k - b + 2. Suppose 25*w - 20*w - 115 = k. What are the prime factors of w?
23
Suppose 5*i + w - 4 = 0, 6*w - w - 20 = 5*i. Suppose i = 3*r + 4*z - 134 - 176, 0 = 4*z - 4. List the prime factors of r.
2, 3, 17
Let v(s) = s**3 + 18*s**2 + 2*s + 5. Let w be v(-18). Let d = w + 31. Suppose d = -2*j + 5*z + 88, -4*z - 45 = -j - z. List the prime factors of j.
3, 13
Suppose 4*g - 243 + 331 = 0. Let w = g - -99. List the prime factors of w.
7, 11
Suppose -42986 = -76*j + 70026. List the prime factors of j.
1487
Let i be (135/6)/(4/8). Let x be i/6 + (-2)/4. Suppose -111 = -x*s + 4*s. List the prime factors of s.
37
